74222?
4
What is the billions digit of 2986291533?
2
What is the ten millions digit of 435126747?
3
What is the billions digit of 1341314492?
1
What is the tens digit of 78269258?
5
What is the millions digit of 215055004?
5
What is the units digit of 1729247486?
6
What is the units digit of 26916567?
7
What is the tens digit of 85240993?
9
What is the hundreds digit of 1960751456?
4
What is the hundred thousands digit of 720281550?
2
What is the tens digit of 179507438?
3
What is the ten thousands digit of 1423368512?
6
What is the hundreds digit of 106168159?
1
What is the hundred thousands digit of 588329133?
3
What is the hundred millions digit of 607129899?
6
What is the tens digit of 3519724303?
0
What is the tens digit of 319697621?
2
What is the units digit of 1211449223?
3
What is the units digit of 2142782809?
9
What is the millions digit of 2907498276?
7
What is the tens digit of 41450030?
3
What is the millions digit of 5150340752?
0
What is the millions digit of 952799421?
2
What is the hundred millions digit of 3272526191?
2
What is the hundred thousands digit of 55035599?
0
What is the ten thousands digit of 863118927?
1
What is the hundred thousands digit of 542520556?
5
What is the units digit of 70504730?
0
What is the units digit of 175382014?
4
What is the hundreds digit of 20755535?
5
What is the units digit of 1090326207?
7
What is the hundreds digit of 87690601?
6
What is the hundreds digit of 310849340?
3
What is the millions digit of 292052957?
2
What is the tens digit of 62056208?
0
What is the ten thousands digit of 93626613?
2
What is the millions digit of 164757526?
4
What is the hundreds digit of 86299579?
5
What is the thousands digit of 6082169?
2
What is the units digit of 992404068?
8
What is the thousands digit of 368821953?
1
What is the units digit of 1488608990?
0
What is the ten millions digit of 62457022?
6
What is the hundred millions digit of 708201838?
7
What is the ten thousands digit of 95629148?
2
What is the ten thousands digit of 31563188?
6
What is the units digit of 1488476?
6
What is the ten millions digit of 157236755?
5
What is the units digit of 11765757?
7
What is the units digit of 7177563?
3
What is the ten thousands digit of 43049047?
4
What is the ten thousands digit of 4008575803?
7
What is the hundred millions digit of 898066021?
8
What is the ten millions digit of 473117754?
7
What is the hundred millions digit of 2721671802?
7
What is the ten millions digit of 204615747?
0
What is the ten millions digit of 5480252575?
8
What is the units digit of 624022055?
5
What is the hundred thousands digit of 1194989272?
9
What is the hundred thousands digit of 1094665248?
6
What is the tens digit of 563925993?
9
What is the millions digit of 273573914?
3
What is the millions digit of 13114647?
3
What is the thousands digit of 280227454?
7
What is the hundreds digit of 267619076?
0
What is the hundreds digit of 102742625?
6
What is the hundreds digit of 5281197588?
5
What is the hundreds digit of 310843843?
8
What is the hundreds digit of 67553789?
7
What is the units digit of 11949713?
3
What is the hundred millions digit of 304853511?
3
What is the hundred millions digit of 3272671165?
2
What is the thousands digit of 1426375120?
5
What is the millions digit of 22078105?
2
What is the units digit of 75762634?
4
What is the hundreds digit of 133127891?
8
What is the tens digit of 59963974?
7
What is the thousands digit of 482835436?
5
What is the hundred millions digit of 505604687?
5
What is the tens digit of 1807015104?
0
What is the hundreds digit of 1479006303?
3
What is the tens digit of 410941477?
7
What is the units digit of 7978141541?
1
What is the tens digit of 1209481687?
8
What is the hundred thousands digit of 174734844?
7
What is the thousands digit of 701396718?
6
What is the ten millions digit of 452640137?
5
What is the thousands digit of 3980275134?
5
What is the thousands digit of 9041623?
1
What is the ten thousands digit of 844769781?
6
What is the billions digit of 4293022857?
4
What is the hundreds digit of 21161431?
4
What is the units digit of 623340256?
6
What is the ten millions digit of 1083640935?
8
What is the hundred millions digit of 1925777425?
9
What is the hundreds digit of 760694043?
0
What is the thousands digit of 181269912?
9
What is the hundred millions digit of 249201395?
2
What is the hundreds digit of 922771211?
2
What is the millions digit of 82852562?
2
What is the ten millions digit of 34385563?
3
What is the ten thousands digit of 740359380?
5
What is the thousands digit of 260613514?
3
What is the ten millions digit of 2413842007?
1
What is the hundred thousands digit of 14155518?
1
What is the thousands digit of 2339672479?
2
What is the units digit of 25309638?
8
What is the tens digit of 1703385471?
7
What is the hundred thousands digit of 151037877?
0
What is the tens digit of 20173856?
5
What is the hundreds digit of 430067990?
9
What is the hundreds digit of 948163341?
3
What is the thousands digit of 428996232?
6
What is the units digit of 402571234?
4
What is the hundred millions digit of 897087973?
8
What is the ten thousands digit of 22721879?
2
What is the units digit of 74256644?
4
What is the thousands digit of 965371319?
1
What is the ten thousands digit of 3835879015?
7
What is the ten thousands digit of 3419601866?
0
What is the thousands digit of 72240186?
0
What is the tens digit of 1046255959?
5
What is the ten millions digit of 391220387?
9
What is the hundreds digit of 5677899051?
0
What is the units digit of 70008601?
1
What is the units digit of 193959537?
7
What is the hundred thousands digit of 2729432984?
4
What is the ten thousands digit of 62946182?
4
What is the ten millions digit of 130708837?
3
What is the hundreds digit of 2490523823?
8
What is the tens digit of 144796678?
7
What is the hundred thousands digit of 94030577?
0
What is the billions digit of 1104725504?
1
What is the ten millions digit of 417906881?
1
What is the units digit of 275814733?
3
What is the ten millions digit of 4219376903?
1
What is the thousands digit of 2534567?
4
What is the thousands digit of 276984463?
4
What is the hundred millions digit of 6431913818?
4
What is the thousands digit of 537553022?
3
What is the thousands digit of 656164111?
4
What is the ten millions digit of 42844329?
4
What is the ten millions digit of 449312634?
4
What is the hundreds digit of 982466754?
7
What is the hundred thousands digit of 88222399?
2
What is the tens digit of 3240971087?
8
What is the ten millions digit of 768227967?
6
What is the millions digit of 1111930061?
1
What is the ten millions digit of 57861589?
5
What is the hundreds digit of 27170346?
3
What is the units digit of 67683754?
4
What is the tens digit of 1017519230?
3
What is the billions digit of 1108880735?
1
What is the ten thousands digit of 34777419?
7
What is the hundreds digit of 56334146?
1
What is the ten millions digit of 1031428674?
3
What is the units digit of 113528751?
1
What is the hundred millions digit of 456583275?
4
What is the thousands digit of 627533571?
3
What is the millions digit of 150243003?
0
What is the thousands digit of 153927014?
7
What is the hundred millions digit of 718621093?
7
What is the hundred thousands digit of 4096043919?
0
What is the millions digit of 579819661?
9
What is the units digit of 6132985905?
5
What is the hundred millions digit of 577947610?
5
What is the hundred thousands digit of 96276658?
2
What is the thousands digit of 69892702?
2
What is the ten millions digit of 2254089484?
5
What is the ten millions digit of 1333220203?
3
What is the thousands digit of 15817531?
7
What is the hundred thousands digit of 58601219?
6
What is the tens digit of 410643831?
3
What is the ten millions digit of 421333901?
2
What is the tens digit of 139864790?
9
What is the thousands digit of 178744215?
4
What is the hundred thousands digit of 98007998?
0
What is the billions digit of 2212562835?
2
What is the ten millions digit of 584948727?
8
What is the ten thousands digit of 6437392523?
9
What is the units digit of 148444933?
3
What is the units digit of 48542470?
0
What is the ten thousands digit of 1424774961?
7
What is the ten thousands